s -1460 + 844?
-919
In base 15, what is -3713a9 - 0?
-3713a9
In base 7, what is -6 - 265000500?
-265000506
In base 4, what is -21000 + 33103201?
33022201
In base 13, what is -3 + -3a3198c?
-3a31992
In base 15, what is 5e423 + -28e?
5e184
In base 16, what is -1462 + -3dfe?
-5260
In base 13, what is -4 - bb4943?
-bb4947
In base 15, what is -2c - 7e96?
-7ec3
In base 15, what is -2c6a04 - 5?
-2c6a09
In base 6, what is 13133 - -53122?
110255
In base 15, what is 12e9d13 - -4?
12e9d17
In base 10, what is 41308 - 85?
41223
In base 16, what is -150 - b2ba?
-b40a
In base 11, what is -27 - 14588617?
-14588643
In base 12, what is -31 - 283b8?
-28429
In base 10, what is -221797979 + 3?
-221797976
In base 2, what is 110110100 - -1110111101100001100?
1110111110011000000
In base 14, what is 8b114 - -158?
8b26c
In base 8, what is 25754343 - -21?
25754364
In base 9, what is 41421 - 15?
41405
In base 4, what is 13 - 1020120003?
-1020113330
In base 12, what is -138 + -a1bb?
-a337
In base 13, what is -b3b9ab3 - 5?
-b3b9ab8
In base 15, what is -3 + -5dab0e?
-5dab12
In base 16, what is -4f8595a - -2?
-4f85958
In base 9, what is 16 - -80284?
80311
In base 15, what is 1190 + 58b6?
6a56
In base 11, what is -5 - -19620126?
19620121
In base 14, what is -1b9 + -a0379?
-a0554
In base 4, what is 10003202123012 - 10?
10003202123002
In base 7, what is 132050202 - 162?
132050010
In base 15, what is 2 + 1818997?
1818999
In base 8, what is 11173 - -10347?
21542
In base 6, what is 1101013533 - -2?
1101013535
In base 11, what is -8236a57 - 1?
-8236a58
In base 5, what is -4240 + -432102?
-441342
In base 5, what is -4 + -333440312401?
-333440312410
In base 4, what is 2111231121 - 110?
2111231011
In base 2, what is -1010100010000111011010 + -1?
-1010100010000111011011
In base 5, what is 402230311404 + 1?
402230311410
In base 15, what is 0 + 67415?
67415
In base 7, what is 160261260 + 2?
160261262
In base 15, what is -11d111 + -126?
-11d237
In base 5, what is 10401211221 - -1?
10401211222
In base 7, what is 23134525 + -4?
23134521
In base 12, what is 690 - -1b61?
2631
In base 12, what is -9b + 1a23226?
1a23147
In base 3, what is 1200121211 + 20102?
1200212020
In base 13, what is 82a5b - 109?
82952
In base 16, what is 3229 - 7e66?
-4c3d
In base 13, what is -246425 + 8?
-24641a
In base 14, what is -134 - -18d5b?
18c27
In base 9, what is -5503 + 25407?
18804
In base 7, what is -650156620 - -1?
-650156616
In base 7, what is -10416016 + -134?
-10416153
In base 7, what is -412143 - 1044?
-413220
In base 3, what is 1 + -1122121111111022?
-1122121111111021
In base 11, what is 8586a3 + 74?
858767
In base 15, what is 14162 + 77?
141d9
In base 12, what is -1 + 17a6a0a?
17a6a09
In base 7, what is -1 + 105533201?
105533200
In base 12, what is -55445a75 - -1?
-55445a74
In base 11, what is -1 + -1038644?
-1038645
In base 8, what is 37532476 + -1?
37532475
In base 6, what is -1 - -123341530?
123341525
In base 10, what is 71556200 + 1?
71556201
In base 16, what is 1369b108 - 2?
1369b106
In base 7, what is -112 - -3520161?
3520046
In base 8, what is 2 - -40037710?
40037712
In base 6, what is -43301 + 10323?
-32534
In base 4, what is 120 + -12123312121?
-12123312001
In base 10, what is 27627230 + 8?
27627238
In base 15, what is -c058 - -826?
-b732
In base 16, what is 928 - 147be?
-13e96
In base 13, what is 1 - 4445712?
-4445711
In base 12, what is 9407 - b64?
8463
In base 7, what is 4 - 213035536?
-213035532
In base 11, what is -1838a34 + 3?
-1838a31
In base 16, what is 4406 - -85?
448b
In base 12, what is -19b4 - 51?
-1a45
In base 10, what is 1570986 - -26?
1571012
In base 6, what is -11140401 - -5405?
-11130552
In base 3, what is -221222120200 - 10102222?
-222010000122
In base 2, what is 1010111101110 + -1000100?
1010110101010
In base 15, what is -c694 - 153?
-c7e7
In base 6, what is -144 - -1113010?
1112422
In base 10, what is -1106309 - -37?
-1106272
In base 5, what is 1310224122330 - -10?
1310224122340
In base 3, what is 10 + -122021110212?
-122021110202
In base 4, what is 0 + 11302222221?
11302222221
In base 11, what is 607434 + 209?
607642
In base 10, what is -188 - -56336?
56148
In base 9, what is 73400 + 383?
73783
In base 8, what is 1045 + 30045?
31112
In base 14, what is b3d76 + -484?
b38d2
In base 13, what is 3ba1 - -1bb7c?
22a50
In base 6, what is 100052241 + 5?
100052250
In base 4, what is 1200 + 30103133?
30110333
In base 4, what is 1131033010 + 11322?
1131110332
In base 16, what is -473b + 470f?
-2c
In base 16, what is 96 - 182bc?
-18226
In base 3, what is 10200 + 1002110002120?
1002110020020
In base 6, what is 35251 + -5424011?
-5344320
In base 2, what is 1010110100010011001 + -10110?
1010110100010000011
In base 9, what is 8307 - 2410?
5787
In base 8, what is 105651 - 6645?
77004
In base 6, what is -10243245 - -102?
-10243143
In base 6, what is 5114 + -4052500?
-4043342
In base 4, what is -313 + -2101132120?
-2101133033
In base 8, what is -3063531 + -6?
-3063537
In base 4, what is 132032130113 - 11?
132032130102
In base 16, what is a8 - b3b5?
-b30d
In base 16, what is 75c5e5 - 1?
75c5e4
In base 11, what is 174 + a014a9?
a01672
In base 12, what is 1995 - -6793?
8568
In base 4, what is -20231103 - 2232323?
-23130032
In base 8, what is 121063744 + -13?
121063731
In base 16, what is -9735f + 364?
-96ffb
In base 16, what is -2 + 3a97de4?
3a97de2
In base 2, what is -1001011110110 - 1001111110010010?
-1011001010001000
In base 6, what is -2444232 - -532?
-2443300
In base 8, what is 7624 - -23114?
32740
In base 6, what is 13 - 1041341511?
-1041341454
In base 15, what is 4484da5 + -1c?
4484d88
In base 5, what is 24 - 133020330300?
-133020330221
In base 14, what is 37a4214 - 20?
37a41d4
In base 3, what is 120111102000012 - 0?
120111102000012
In base 4, what is 11130221030 - -2?
11130221032
In base 13, what is 2 - 307a33a?
-307a338
In base 7, what is -2 + 24451105?
24451103
In base 7, what is 20 + -4252130?
-4252110
In base 4, what is -1020211011323 + -121?
-1020211012110
In base 9, what is -4442 - -74?
-4357
In base 4, what is -2030132302 - -132?
-2030132110
In base 12, what is 6 - -22929719?
22929723
In base 15, what is 3b9b6 - 35?
3b981
In base 2, what is 1011010010111011 - 11011?
1011010010100000
In base 7, what is 231356615 - 54?
231356531
In base 5, what is 3341131012 - -13?
3341131030
In base 5, what is 14 + -1203110?
-1203041
In base 2, what is 100010011110110 + 101111111001?
101000011101111
In base 15, what is 300 + 11088e?
110b8e
In base 2, what is 1011100111110101 + 10111010000?
1011111111000101
In base 3, what is -11221012121 - -1020020?
-11212222101
In base 3, what is -2101120010 + -11012?
-2101201022
In base 15, what is 0 - -278e69?
278e69
In base 11, what is 574 - 398a?
-3416
In base 8, what is -3143054 - 2?
-3143056
In base 8, what is -55744 - -3061?
-52663
In base 12, what is 13 - -40a7401?
40a7414
In base 9, what is 5 + -13858267?
-13858262
In base 3, what is -20121010012 + -22200222?
-20220211011
In base 14, what is 1934 + -b717?
-9bc3
In base 5, what is -234000 - -144334?
-34111
In base 14, what is -29557 - -4d?
-29508
In base 16, what is -4 - -b15806?
b15802
In base 5, what is 41324431 + -112?
41324314
In base 13, what is -13124 - -b759?
-4698
In base 8, what is -65264 + 53016?
-12246
In base 7, what is -33056131 - -160?
-33055641
In base 6, what is 1 - 2014241?
-2014240
In base 14, what is 272a - -64c?
2d78
In base 14, what is 1172 + 5a96?
6c28
In base 7, what is -2 + 22445466?
22445464
In base 8, what is -2207735 - -513?
-2207222
In base 9, what is -3 + 16255882?
16255878
In base 15, what is e39 - 21d3?
-1299
In base 10, what is 3301135 - -54?
3301189
In base 10, what is -29270652 - 5?
-29270657
In base 9, what is 2 + -1164717?
-1164715
In base 4, what is -2312011113 + -1223?
-2312013002
In base 2, what is -1111111010001001011001 - -10?
-1111111010001001010111
In base 6, what is -12105045 + -124?
-12105213
In base 12, what is 235486 - 267?
23521b
In base 11, what is 226a - 432?
1938
In base 11, what is -37a6a04 - 5?
-37a6a09
In base 4, what is -231 - 31313102120?
-31313103011
In base 5, what is 10240034001 - 131?
10240033320
In base 13, what is 5 - 170097?
-170092
In base 10, what is 34 - 5432357?
-5432323
In base 9, what is -4 + 87142440?
87142435
In base 13, what is 26